 of 4026413262?
0
What is the tens digit of 1593674?
7
What is the units digit of 1062364720?
0
What is the millions digit of 1897394280?
7
What is the millions digit of 1430857775?
0
What is the hundred millions digit of 139881054?
1
What is the ten millions digit of 113977111?
1
What is the ten thousands digit of 33108394?
0
What is the hundred millions digit of 141992156?
1
What is the millions digit of 2696624648?
6
What is the hundreds digit of 873205241?
2
What is the ten millions digit of 228910555?
2
What is the ten millions digit of 362220953?
6
What is the ten millions digit of 4834078477?
3
What is the hundred millions digit of 124830090?
1
What is the thousands digit of 1167335691?
5
What is the ten millions digit of 28776710?
2
What is the millions digit of 33959380?
3
What is the hundreds digit of 41732911?
9
What is the hundred thousands digit of 3284529?
2
What is the tens digit of 6790424588?
8
What is the hundreds digit of 160331476?
4
What is the ten millions digit of 20986647?
2
What is the hundred thousands digit of 621314555?
3
What is the millions digit of 1141530828?
1
What is the hundred thousands digit of 1160770716?
7
What is the ten thousands digit of 1163749321?
4
What is the units digit of 639962674?
4
What is the hundred thousands digit of 878451256?
4
What is the thousands digit of 418466198?
6
What is the millions digit of 3629969?
3
What is the ten thousands digit of 60273294?
7
What is the ten millions digit of 599222268?
9
What is the millions digit of 23723815?
3
What is the millions digit of 86706825?
6
What is the hundreds digit of 95644955?
9
What is the thousands digit of 15656598?
6
What is the ten thousands digit of 133170975?
7
What is the hundreds digit of 23434968?
9
What is the tens digit of 333872?
7
What is the hundred thousands digit of 31725975?
7
What is the tens digit of 1476268070?
7
What is the thousands digit of 231121759?
1
What is the units digit of 31540502?
2
What is the hundreds digit of 81367381?
3
What is the tens digit of 53243785?
8
What is the tens digit of 25903941?
4
What is the ten millions digit of 2567442353?
6
What is the tens digit of 405895787?
8
What is the ten millions digit of 8223927024?
2
What is the units digit of 377274474?
4
What is the millions digit of 37298268?
7
What is the ten millions digit of 6201471672?
0
What is the hundred millions digit of 2818033719?
8
What is the units digit of 44547605?
5
What is the hundred millions digit of 1683194478?
6
What is the tens digit of 3123520868?
6
What is the hundreds digit of 23392487?
4
What is the hundred thousands digit of 38466964?
4
What is the hundred millions digit of 387541979?
3
What is the thousands digit of 954067164?
7
What is the hundred thousands digit of 162150054?
1
What is the units digit of 1211545112?
2
What is the millions digit of 3799450632?
9
What is the millions digit of 76033054?
6
What is the units digit of 31929404?
4
What is the ten millions digit of 146098343?
4
What is the ten millions digit of 426340543?
2
What is the hundred millions digit of 169960066?
1
What is the tens digit of 400719700?
0
What is the units digit of 198755555?
5
What is the millions digit of 87881462?
7
What is the ten millions digit of 321644093?
2
What is the units digit of 4966498730?
0
What is the tens digit of 42922928?
2
What is the billions digit of 3931795908?
3
What is the tens digit of 44536582?
8
What is the thousands digit of 9298912?
8
What is the millions digit of 1052426970?
2
What is the hundred thousands digit of 75493594?
4
What is the millions digit of 346341695?
6
What is the hundreds digit of 581325698?
6
What is the thousands digit of 33248600?
8
What is the hundred millions digit of 315138356?
3
What is the thousands digit of 927709966?
9
What is the hundred thousands digit of 15528387?
5
What is the hundreds digit of 87943016?
0
What is the ten millions digit of 5338148040?
3
What is the thousands digit of 7638813954?
3
What is the hundreds digit of 350219394?
3
What is the hundreds digit of 1980524?
5
What is the ten millions digit of 92074935?
9
What is the units digit of 22982713?
3
What is the thousands digit of 23458584?
8
What is the millions digit of 37816137?
7
What is the ten thousands digit of 407529201?
2
What is the hundreds digit of 226807785?
7
What is the hundreds digit of 262877554?
5
What is the thousands digit of 2323351447?
1
What is the thousands digit of 354445281?
5
What is the ten thousands digit of 101189310?
8
What is the billions digit of 1523356389?
1
What is the ten millions digit of 90421701?
9
What is the units digit of 7022365735?
5
What is the ten millions digit of 19698193?
1
What is the ten millions digit of 434986792?
3
What is the hundred thousands digit of 1186566859?
5
What is the hundred millions digit of 1019518789?
0
What is the hundreds digit of 832268040?
0
What is the billions digit of 8671696356?
8
What is the hundred millions digit of 267548978?
2
What is the ten thousands digit of 114907152?
0
What is the hundred millions digit of 854198877?
8
What is the units digit of 1405224481?
1
What is the thousands digit of 29358747?
8
What is the tens digit of 124623778?
7
What is the billions digit of 1957741451?
1
What is the hundred thousands digit of 317385091?
3
What is the hundreds digit of 27500336?
3
What is the hundred thousands digit of 492544470?
5
What is the thousands digit of 6317594?
7
What is the hundred thousands digit of 77491560?
4
What is the millions digit of 368518568?
8
What is the tens digit of 147560630?
3
What is the hundred thousands digit of 835877529?
8
What is the hundred millions digit of 2156626903?
1
What is the hundred thousands digit of 6284969821?
9
What is the ten millions digit of 26151883?
2
What is the millions digit of 428985332?
8
What is the hundreds digit of 101882095?
0
What is the thousands digit of 498458?
8
What is the hundred millions digit of 828461232?
8
What is the hundred thousands digit of 48651606?
6
What is the tens digit of 3672644?
4
What is the hundreds digit of 307502008?
0
What is the thousands digit of 15476416?
6
What is the units digit of 2577866328?
8
What is the ten thousands digit of 37688885?
8
What is the tens digit of 92840401?
0
What is the units digit of 78746520?
0
What is the ten millions digit of 1007802512?
0
What is the ten millions digit of 7946493977?
4
What is the ten thousands digit of 260991830?
9
What is the ten millions digit of 35989103?
3
What is the tens digit of 2247673438?
3
What is the thousands digit of 5650303128?
3
What is the ten thousands digit of 60527188?
2
What is the ten millions digit of 268870259?
6
What is the units digit of 22452790?
0
What is the hundred thousands digit of 244011499?
0
What is the ten millions digit of 61649171?
6
What is the ten thousands digit of 3640099757?
9
What is the thousands digit of 1289557028?
7
What is the millions digit of 73376616?
3
What is the units digit of 128622286?
6
What is the ten millions digit of 5464764730?
6
What is the units digit of 355352895?
5
What is the ten millions digit of 565198115?
6
What is the ten millions digit of 1124756489?
2
What is the billions digit of 1223229271?
1
What is the millions digit of 470784625?
0
What is the millions digit of 143582907?
3
What is the hundred thousands digit of 36527654?
5
What is the hundred thousands digit of 1460828576?
8
What is the tens digit of 1421859459?
5
What is the hundred millions digit of 1178487782?
1
What is the hundreds digit of 946790021?
0
What is the ten thousands digit of 377991983?
9
What is the thousands digit of 55228726?
8
What is the hundred millions digit of 154500082?
1
What is the ten thousands digit of 308415381?
1
What is the millions digit of 24422403?
4
What is the tens digit of 3516102230?
3
What is the ten millions digit of 310494887?
1
What is the ten thousands digit of 722827489?
2
What is the ten thousands digit of 48469687?
6
What is the millions digit of 453722915?
3
What is the thousands digit of 1151993644?
3
What is the ten millions digit of 32918703?
3
What is the units digit of 5670159054?
4
What is the tens digit of 2236088442?
4
What is the hundreds digit of 341387136?
1
What is the millions digit of 329096692?
9
W